is the remainder when 2194 is divided by 36?
34
What is the remainder when 450 is divided by 32?
2
What is the remainder when 103 is divided by 15?
13
Calculate the remainder when 901 is divided by 43.
41
Calculate the remainder when 566 is divided by 30.
26
Calculate the remainder when 283 is divided by 143.
140
What is the remainder when 208 is divided by 53?
49
Calculate the remainder when 496 is divided by 23.
13
Calculate the remainder when 1314 is divided by 11.
5
Calculate the remainder when 84 is divided by 55.
29
What is the remainder when 410 is divided by 69?
65
Calculate the remainder when 288 is divided by 97.
94
Calculate the remainder when 865 is divided by 38.
29
What is the remainder when 87 is divided by 7?
3
What is the remainder when 5629 is divided by 2812?
5
What is the remainder when 1525 is divided by 189?
13
Calculate the remainder when 10063 is divided by 8.
7
Calculate the remainder when 350 is divided by 140.
70
Calculate the remainder when 40 is divided by 25.
15
What is the remainder when 215 is divided by 17?
11
What is the remainder when 192 is divided by 14?
10
Calculate the remainder when 301 is divided by 48.
13
Calculate the remainder when 847 is divided by 106.
105
What is the remainder when 189 is divided by 186?
3
Calculate the remainder when 6427 is divided by 24.
19
Calculate the remainder when 95 is divided by 50.
45
Calculate the remainder when 1635 is divided by 30.
15
What is the remainder when 578 is divided by 83?
80
Calculate the remainder when 535 is divided by 166.
37
What is the remainder when 9557 is divided by 10?
7
What is the remainder when 301 is divided by 61?
57
Calculate the remainder when 467 is divided by 96.
83
What is the remainder when 4246 is divided by 25?
21
Calculate the remainder when 1204 is divided by 13.
8
Calculate the remainder when 8276 is divided by 120.
116
What is the remainder when 87 is divided by 5?
2
Calculate the remainder when 448 is divided by 75.
73
Calculate the remainder when 204 is divided by 85.
34
Calculate the remainder when 432 is divided by 15.
12
What is the remainder when 667 is divided by 115?
92
Calculate the remainder when 377 is divided by 32.
25
What is the remainder when 398 is divided by 37?
28
Calculate the remainder when 438 is divided by 73.
0
What is the remainder when 2558 is divided by 32?
30
Calculate the remainder when 1237 is divided by 613.
11
What is the remainder when 152 is divided by 53?
46
Calculate the remainder when 35315 is divided by 327.
326
Calculate the remainder when 1430 is divided by 30.
20
What is the remainder when 98 is divided by 26?
20
Calculate the remainder when 219 is divided by 22.
21
What is the remainder when 50 is divided by 32?
18
What is the remainder when 41 is divided by 9?
5
What is the remainder when 2671 is divided by 27?
25
What is the remainder when 245 is divided by 54?
29
What is the remainder when 17133 is divided by 42?
39
Calculate the remainder when 1835 is divided by 51.
50
What is the remainder when 772 is divided by 111?
106
Calculate the remainder when 370 is divided by 31.
29
Calculate the remainder when 3653 is divided by 29.
28
What is the remainder when 3027 is divided by 11?
2
What is the remainder when 454 is divided by 26?
12
What is the remainder when 165 is divided by 49?
18
Calculate the remainder when 1262 is divided by 126.
2
Calculate the remainder when 77 is divided by 27.
23
What is the remainder when 279 is divided by 56?
55
What is the remainder when 153 is divided by 52?
49
Calculate the remainder when 6271 is divided by 123.
121
Calculate the remainder when 147 is divided by 15.
12
Calculate the remainder when 105 is divided by 41.
23
What is the remainder when 113 is divided by 38?
37
Calculate the remainder when 82 is divided by 76.
6
Calculate the remainder when 188 is divided by 63.
62
Calculate the remainder when 76 is divided by 46.
30
What is the remainder when 3938 is divided by 73?
69
Calculate the remainder when 191 is divided by 51.
38
Calculate the remainder when 6118 is divided by 679.
7
Calculate the remainder when 405 is divided by 11.
9
What is the remainder when 476 is divided by 21?
14
What is the remainder when 369 is divided by 97?
78
Calculate the remainder when 10168 is divided by 15.
13
What is the remainder when 576 is divided by 191?
3
What is the remainder when 8558 is divided by 14?
4
Calculate the remainder when 92 is divided by 42.
8
Calculate the remainder when 1070 is divided by 343.
41
What is the remainder when 55 is divided by 40?
15
Calculate the remainder when 41 is divided by 24.
17
What is the remainder when 196 is divided by 67?
62
Calculate the remainder when 643 is divided by 46.
45
What is the remainder when 188 is divided by 54?
26
Calculate the remainder when 28 is divided by 1.
0
Calculate the remainder when 173 is divided by 19.
2
Calculate the remainder when 41325 is divided by 168.
165
What is the remainder when 735 is divided by 8?
7
Calculate the remainder when 287 is divided by 14.
7
What is the remainder when 360 is divided by 129?
102
Calculate the remainder when 363 is divided by 8.
3
What is the remainder when 1440 is divided by 238?
12
Calculate the remainder when 1888 is divided by 94.
8
Calculate the remainder when 187 is divided by 150.
37
What is the remainder when 1554 is divided by 757?
40
Calculate the remainder when 75 is divided by 50.
25
Calculate the remainder when 32 is divided by 7.
4
Calculate the remainder when 71 is divided by 25.
21
What is the remainder when 140 is divided by 12?
8
What is the remainder when 46 is divided by 5?
1
What is the remainder when 161 is divided by 49?
14
What is the remainder when 978 is divided by 97?
8
What is the remainder when 237 is divided by 47?
2
What is the remainder when 1932 is divided by 384?
12
Calculate the remainder when 2284 is divided by 22.
18
Calculate the remainder when 111 is divided by 85.
26
What is the remainder when 3163 is divided by 14?
13
What is the remainder when 186 is divided by 74?
38
Calculate the remainder when 82 is divided by 29.
24
Calculate the remainder when 310 is divided by 80.
70
Calculate the remainder when 210 is divided by 106.
104
What is the remainder when 2703 is divided by 13?
12
What is the remainder when 1117 is divided by 56?
53
Calculate the remainder when 103 is divided by 44.
15
What is the remainder when 1678 is divided by 83?
18
What is the remainder when 95 is divided by 45?
5
What is the remainder when 3217 is divided by 26?
19
Calculate the remainder when 683 is divided by 19.
18
What is the remainder when 30 is divided by 26?
4
Calculate the remainder when 48092 is divided by 139.
137
Calculate the remainder when 277 is divided by 48.
37
Calculate the remainder when 755 is divided by 23.
19
What is the remainder when 327 is divided by 16?
7
Calculate the remainder when 544 is divided by 12.
4
What is the remainder when 59 is divided by 12?
11
What is the remainder when 1044 is divided by 78?
30
What is the remainder when 208 is divided by 11?
10
Calculate the remainder when 854 is divided by 176.
150
Calculate the remainder when 87 is divided by 8.
7
Calculate the remainder when 168 is divided by 30.
18
What is the remainder when 1944 is divided by 388?
4
What is the remainder when 696 is divided by 115?
6
Calculate the remainder when 850 is divided by 30.
10
Calculate the remainder when 138 is divided by 116.
22
Calculate the remainder when 2322 is divided by 39.
21
What is the remainder when 131 is divided by 36?
23
What is the remainder when 76 is divided by 25?
1
Calculate the remainder when 35 is divided by 13.
9
What is the remainder when 504 is divided by 63?
0
Calculate the remainder when 241 is divided by 24.
1
What is the remainder when 134 is divided by 12?
2
What is the remainder when 10219 is divided by 73?
72
What is the remainder when 259 is divided by 34?
21
What is the remainder when 291 is divided by 4?
3
What is the remainder when 354 is divided by 48?
18
Calculate the remainder when 543 is divided by 93.
78
What is the remainder when 2909 is divided by 104?
101
What is the remainder when 404 is divided by 29?
27
What is the remainder when 32202 is divided by 194?
192
Calculate the rem